{"id":7960,"date":"2025-06-14T16:39:32","date_gmt":"2025-06-14T15:39:32","guid":{"rendered":"https:\/\/www.artvip.pl\/?post_type=product&#038;p=7960"},"modified":"2025-06-14T16:41:33","modified_gmt":"2025-06-14T15:41:33","slug":"zachod","status":"publish","type":"product","link":"https:\/\/www.artvip.pl\/english\/product\/zachod\/","title":{"rendered":"Zach\u00f3d"},"content":{"rendered":"<p>100&#215;100<\/p>\n<p>Akryl na p\u0142\u00f3tnie<\/p>","protected":false},"excerpt":{"rendered":"<p>100&#215;100 Akryl na p\u0142\u00f3tnie<\/p>","protected":false},"featured_media":7963,"template":"","meta":{"_monsterinsights_skip_tracking":false,"_monsterinsights_sitenote_active":false,"_monsterinsights_sitenote_note":"","_monsterinsights_sitenote_category":0,"site-sidebar-layout":"default","site-content-layout":"","ast-site-content-layout":"default","site-content-style":"default","site-sidebar-style":"default","ast-global-header-display":"","ast-banner-title-visibility":"","ast-main-header-display":"","ast-hfb-above-header-display":"","ast-hfb-below-header-display":"","ast-hfb-mobile-header-display":"","site-post-title":"","ast-breadcrumbs-content":"","ast-featured-img":"","footer-sml-layout":"","theme-transparent-header-meta":"default","adv-header-id-meta":"","stick-header-meta":"","header-above-stick-meta":"","header-main-stick-meta":"","header-below-stick-meta":"","astra-migrate-meta-layouts":"set","ast-page-background-enabled":"default","ast-page-background-meta":{"desktop":{"background-color":"var(--ast-global-color-4)","background-image":"","background-repeat":"repeat","background-position":"center center","background-size":"auto","background-attachment":"scroll","background-type":"","background-media":"","overlay-type":"","overlay-color":"","overlay-opacity":"","overlay-gradient":""},"tablet":{"background-color":"","background-image":"","background-repeat":"repeat","background-position":"center center","background-size":"auto","background-attachment":"scroll","background-type":"","background-media":"","overlay-type":"","overlay-color":"","overlay-opacity":"","overlay-gradient":""},"mobile":{"background-color":"","background-image":"","background-repeat":"repeat","background-position":"center center","background-size":"auto","background-attachment":"scroll","background-type":"","background-media":"","overlay-type":"","overlay-color":"","overlay-opacity":"","overlay-gradient":""}},"ast-content-background-meta":{"desktop":{"background-color":"var(--ast-global-color-5)","background-image":"","background-repeat":"repeat","background-position":"center center","background-size":"auto","background-attachment":"scroll","background-type":"","background-media":"","overlay-type":"","overlay-color":"","overlay-opacity":"","overlay-gradient":""},"tablet":{"background-color":"var(--ast-global-color-5)","background-image":"","background-repeat":"repeat","background-position":"center center","background-size":"auto","background-attachment":"scroll","background-type":"","background-media":"","overlay-type":"","overlay-color":"","overlay-opacity":"","overlay-gradient":""},"mobile":{"background-color":"var(--ast-global-color-5)","background-image":"","background-repeat":"repeat","background-position":"center center","background-size":"auto","background-attachment":"scroll","background-type":"","background-media":"","overlay-type":"","overlay-color":"","overlay-opacity":"","overlay-gradient":""}}},"product_cat":[70],"product_tag":[],"class_list":{"0":"post-7960","1":"product","2":"type-product","3":"status-publish","4":"has-post-thumbnail","6":"product_cat-obraz","7":"desktop-align-left","8":"tablet-align-left","9":"mobile-align-left","11":"first","12":"instock","13":"shipping-taxable","14":"purchasable","15":"product-type-simple"},"yoast_head":"<!-- This site is optimized with the Yoast SEO plugin v23.5 - https:\/\/yoast.com\/wordpress\/plugins\/seo\/ -->\n<title>Zach\u00f3d - Galeria Sztuki ART VIP<\/title>\n<meta name=\"robots\" content=\"index, follow, max-snippet:-1, max-image-preview:large, max-video-preview:-1\" \/>\n<link rel=\"canonical\" href=\"https:\/\/www.artvip.pl\/english\/product\/zachod\/\" \/>\n<meta property=\"og:locale\" content=\"en_US\" \/>\n<meta property=\"og:type\" content=\"article\" \/>\n<meta property=\"og:title\" content=\"Zach\u00f3d - Galeria Sztuki ART VIP\" \/>\n<meta property=\"og:description\" content=\"100&#215;100 Akryl na p\u0142\u00f3tnie\" \/>\n<meta property=\"og:url\" content=\"https:\/\/www.artvip.pl\/english\/product\/zachod\/\" \/>\n<meta property=\"og:site_name\" content=\"Galeria Sztuki ART VIP\" \/>\n<meta property=\"article:publisher\" content=\"https:\/\/www.facebook.com\/artvip8\" \/>\n<meta property=\"article:modified_time\" content=\"2025-06-14T15:41:33+00:00\" \/>\n<meta property=\"og:image\" content=\"https:\/\/www.artvip.pl\/wp-content\/uploads\/2025\/06\/IMG_6061.jpg\" \/>\n\t<meta property=\"og:image:width\" content=\"640\" \/>\n\t<meta property=\"og:image:height\" content=\"638\" \/>\n\t<meta property=\"og:image:type\" content=\"image\/jpeg\" \/>\n<meta name=\"twitter:card\" content=\"summary_large_image\" \/>\n<meta name=\"twitter:label1\" content=\"Est. reading time\" \/>\n\t<meta name=\"twitter:data1\" content=\"1 minute\" \/>\n<script type=\"application\/ld+json\" class=\"yoast-schema-graph\">{\"@context\":\"https:\/\/schema.org\",\"@graph\":[{\"@type\":\"WebPage\",\"@id\":\"https:\/\/www.artvip.pl\/produkt\/zachod\/\",\"url\":\"https:\/\/www.artvip.pl\/produkt\/zachod\/\",\"name\":\"Zach\u00f3d - Galeria Sztuki ART VIP\",\"isPartOf\":{\"@id\":\"https:\/\/www.artvip.pl\/#website\"},\"primaryImageOfPage\":{\"@id\":\"https:\/\/www.artvip.pl\/produkt\/zachod\/#primaryimage\"},\"image\":{\"@id\":\"https:\/\/www.artvip.pl\/produkt\/zachod\/#primaryimage\"},\"thumbnailUrl\":\"https:\/\/www.artvip.pl\/wp-content\/uploads\/2025\/06\/IMG_6061.jpg\",\"datePublished\":\"2025-06-14T15:39:32+00:00\",\"dateModified\":\"2025-06-14T15:41:33+00:00\",\"breadcrumb\":{\"@id\":\"https:\/\/www.artvip.pl\/produkt\/zachod\/#breadcrumb\"},\"inLanguage\":\"en-US\",\"potentialAction\":[{\"@type\":\"ReadAction\",\"target\":[\"https:\/\/www.artvip.pl\/produkt\/zachod\/\"]}]},{\"@type\":\"ImageObject\",\"inLanguage\":\"en-US\",\"@id\":\"https:\/\/www.artvip.pl\/produkt\/zachod\/#primaryimage\",\"url\":\"https:\/\/www.artvip.pl\/wp-content\/uploads\/2025\/06\/IMG_6061.jpg\",\"contentUrl\":\"https:\/\/www.artvip.pl\/wp-content\/uploads\/2025\/06\/IMG_6061.jpg\",\"width\":640,\"height\":638},{\"@type\":\"BreadcrumbList\",\"@id\":\"https:\/\/www.artvip.pl\/produkt\/zachod\/#breadcrumb\",\"itemListElement\":[{\"@type\":\"ListItem\",\"position\":1,\"name\":\"Strona g\u0142\u00f3wna\",\"item\":\"https:\/\/www.artvip.pl\/\"},{\"@type\":\"ListItem\",\"position\":2,\"name\":\"Produkty\",\"item\":\"https:\/\/www.artvip.pl\/shop\/\"},{\"@type\":\"ListItem\",\"position\":3,\"name\":\"Zach\u00f3d\"}]},{\"@type\":\"WebSite\",\"@id\":\"https:\/\/www.artvip.pl\/#website\",\"url\":\"https:\/\/www.artvip.pl\/\",\"name\":\"Galeria Sztuki ART VIP\",\"description\":\"Obrazy, kup, wypo\u017cycz\",\"potentialAction\":[{\"@type\":\"SearchAction\",\"target\":{\"@type\":\"EntryPoint\",\"urlTemplate\":\"https:\/\/www.artvip.pl\/?s={search_term_string}\"},\"query-input\":{\"@type\":\"PropertyValueSpecification\",\"valueRequired\":true,\"valueName\":\"search_term_string\"}}],\"inLanguage\":\"en-US\"}]}<\/script>\n<!-- \/ Yoast SEO plugin. -->","yoast_head_json":{"title":"Zach\u00f3d - Galeria Sztuki ART VIP","robots":{"index":"index","follow":"follow","max-snippet":"max-snippet:-1","max-image-preview":"max-image-preview:large","max-video-preview":"max-video-preview:-1"},"canonical":"https:\/\/www.artvip.pl\/english\/product\/zachod\/","og_locale":"en_US","og_type":"article","og_title":"Zach\u00f3d - Galeria Sztuki ART VIP","og_description":"100&#215;100 Akryl na p\u0142\u00f3tnie","og_url":"https:\/\/www.artvip.pl\/english\/product\/zachod\/","og_site_name":"Galeria Sztuki ART VIP","article_publisher":"https:\/\/www.facebook.com\/artvip8","article_modified_time":"2025-06-14T15:41:33+00:00","og_image":[{"width":640,"height":638,"url":"https:\/\/www.artvip.pl\/wp-content\/uploads\/2025\/06\/IMG_6061.jpg","type":"image\/jpeg"}],"twitter_card":"summary_large_image","twitter_misc":{"Est. reading time":"1 minute"},"schema":{"@context":"https:\/\/schema.org","@graph":[{"@type":"WebPage","@id":"https:\/\/www.artvip.pl\/produkt\/zachod\/","url":"https:\/\/www.artvip.pl\/produkt\/zachod\/","name":"Zach\u00f3d - Galeria Sztuki ART VIP","isPartOf":{"@id":"https:\/\/www.artvip.pl\/#website"},"primaryImageOfPage":{"@id":"https:\/\/www.artvip.pl\/produkt\/zachod\/#primaryimage"},"image":{"@id":"https:\/\/www.artvip.pl\/produkt\/zachod\/#primaryimage"},"thumbnailUrl":"https:\/\/www.artvip.pl\/wp-content\/uploads\/2025\/06\/IMG_6061.jpg","datePublished":"2025-06-14T15:39:32+00:00","dateModified":"2025-06-14T15:41:33+00:00","breadcrumb":{"@id":"https:\/\/www.artvip.pl\/produkt\/zachod\/#breadcrumb"},"inLanguage":"en-US","potentialAction":[{"@type":"ReadAction","target":["https:\/\/www.artvip.pl\/produkt\/zachod\/"]}]},{"@type":"ImageObject","inLanguage":"en-US","@id":"https:\/\/www.artvip.pl\/produkt\/zachod\/#primaryimage","url":"https:\/\/www.artvip.pl\/wp-content\/uploads\/2025\/06\/IMG_6061.jpg","contentUrl":"https:\/\/www.artvip.pl\/wp-content\/uploads\/2025\/06\/IMG_6061.jpg","width":640,"height":638},{"@type":"BreadcrumbList","@id":"https:\/\/www.artvip.pl\/produkt\/zachod\/#breadcrumb","itemListElement":[{"@type":"ListItem","position":1,"name":"Strona g\u0142\u00f3wna","item":"https:\/\/www.artvip.pl\/"},{"@type":"ListItem","position":2,"name":"Produkty","item":"https:\/\/www.artvip.pl\/shop\/"},{"@type":"ListItem","position":3,"name":"Zach\u00f3d"}]},{"@type":"WebSite","@id":"https:\/\/www.artvip.pl\/#website","url":"https:\/\/www.artvip.pl\/","name":"Galeria Sztuki ART VIP","description":"Obrazy, kup, wypo\u017cycz","potentialAction":[{"@type":"SearchAction","target":{"@type":"EntryPoint","urlTemplate":"https:\/\/www.artvip.pl\/?s={search_term_string}"},"query-input":{"@type":"PropertyValueSpecification","valueRequired":true,"valueName":"search_term_string"}}],"inLanguage":"en-US"}]}},"_links":{"self":[{"href":"https:\/\/www.artvip.pl\/english\/wp-json\/wp\/v2\/product\/7960"}],"collection":[{"href":"https:\/\/www.artvip.pl\/english\/wp-json\/wp\/v2\/product"}],"about":[{"href":"https:\/\/www.artvip.pl\/english\/wp-json\/wp\/v2\/types\/product"}],"wp:featuredmedia":[{"embeddable":true,"href":"https:\/\/www.artvip.pl\/english\/wp-json\/wp\/v2\/media\/7963"}],"wp:attachment":[{"href":"https:\/\/www.artvip.pl\/english\/wp-json\/wp\/v2\/media?parent=7960"}],"wp:term":[{"taxonomy":"product_cat","embeddable":true,"href":"https:\/\/www.artvip.pl\/english\/wp-json\/wp\/v2\/product_cat?post=7960"},{"taxonomy":"product_tag","embeddable":true,"href":"https:\/\/www.artvip.pl\/english\/wp-json\/wp\/v2\/product_tag?post=7960"}],"curies":[{"name":"wp","href":"https:\/\/api.w.org\/{rel}","templated":true}]}}